{"id":379,"date":"2022-01-17T01:02:42","date_gmt":"2022-01-17T01:02:42","guid":{"rendered":"http:\/\/gruponutre.com\/?post_type=product&#038;p=379"},"modified":"2024-07-02T16:30:18","modified_gmt":"2024-07-02T16:30:18","slug":"avilab-emultriple","status":"publish","type":"product","link":"http:\/\/gruponutre.com\/index.php\/producto\/avilab-emultriple\/","title":{"rendered":"EMULTRIPLE NBS"},"content":{"rendered":"<p>Vacuna trivalente emulsionada para la prevensi\u00f3n de Newcastle (cepa LaSota), Bronquitis infecciosa (cepa Massachusetts) y adenovurus causante del S\u00edndrome de baja postura (cepa K-11)<\/p>\n<div class=\"txt_indx_prod indicacion_prod interno col-xs-12\">\n<p><span class=\"titulo font1 extra-blue\">F\u00d3RMULA:<\/span>Vacuna elaborada con ant\u00edgenos virales inactivados de Newcastle (cepa LaSota), Bronquitis Infecciosa (cepa Massachusetts) y Adenovirus causante del S\u00edndrome de Baja Postura (cepa K-11) emulsionados con adyuvantes oleosos.<\/p>\n<\/div>\n<div class=\"txt_indx_prod indicacion_prod interno col-xs-12\">\n<p><span class=\"titulo font1 extra-blue\">INDICACIONES:<\/span>Para la inmunizaci\u00f3n activa de aves sanas contra la enfermedad de Newcastle, Bronquitis Infecciosa y S\u00edndrome de Baja Postura, para uso en aves de engorda, postura y reproductoras; en etapas de crianza, desarrollo, finalizaci\u00f3n o postura.<\/p>\n<\/div>\n<div class=\"txt_indx_prod indicacion_prod interno col-xs-12\">\n<p><span class=\"titulo font1 extra-blue\">DOSIS O V\u00cdA DE ADMINISTRACI\u00d3N :<\/span>Aplicar 0.5 mL por ave, v\u00eda intramuscular o subcut\u00e1nea.<\/p>\n<\/div>\n<div class=\"txt_indx_prod indicacion_prod interno col-xs-12\"><span class=\"titulo font1 extra-blue\">ADVERTENCIA:<\/span>&#8211; Conserve en refrigeraci\u00f3n entre 4 y 8 \u00baC y al abrigo de la luz solar directa (evite la congelaci\u00f3n).<br \/>\n&#8211; Utilice equipo de protecci\u00f3n personal. La autoinoculaci\u00f3n accidental puede causar reacciones locales al vacunador.<br \/>\n&#8211; Mantenga condiciones as\u00e9pticas durante su uso.<br \/>\n&#8211; Vacune solo aves sanas.<br \/>\n&#8211; Para facilitar la aplicaci\u00f3n permita que la vacuna alcance la temperatura ambiente (18-20 \u00baC).<br \/>\n&#8211; Agite el frasco antes y durante su uso.<br \/>\n&#8211; Una vez abierto el producto administre inmediatamente y utilice todo el contenido.<br \/>\n&#8211; Disponer de los residuos de acuerdo con la legislaci\u00f3n ambiental vigente.<br \/>\n&#8211; Se puede desarrollar inflamaci\u00f3n locar en la zona de aplicaci\u00f3n.<\/div>\n","protected":false},"excerpt":{"rendered":"<p>Vacuna trivalente emulsionada para la prevensi\u00f3n de Newcastle (cepa LaSota), Bronquitis infecciosa (cepa Massachusetts) y adenovurus causante del S\u00edndrome de baja postura (cepa K-11) F\u00d3RMULA:Vacuna elaborada con ant\u00edgenos virales inactivados de Newcastle (cepa LaSota), Bronquitis Infecciosa (cepa Massachusetts) y Adenovirus causante del S\u00edndrome de Baja Postura (cepa K-11) emulsionados con adyuvantes oleosos. INDICACIONES:Para la inmunizaci\u00f3n [&hellip;]<\/p>\n","protected":false},"featured_media":673,"comment_status":"open","ping_status":"closed","template":"","meta":{"ocean_post_layout":"","ocean_both_sidebars_style":"","ocean_both_sidebars_content_width":0,"ocean_both_sidebars_sidebars_width":0,"ocean_sidebar":"0","ocean_second_sidebar":"0","ocean_disable_margins":"enable","ocean_add_body_class":"","ocean_shortcode_before_top_bar":"","ocean_shortcode_after_top_bar":"","ocean_shortcode_before_header":"","ocean_shortcode_after_header":"","ocean_has_shortcode":"","ocean_shortcode_after_title":"","ocean_shortcode_before_footer_widgets":"","ocean_shortcode_after_footer_widgets":"","ocean_shortcode_before_footer_bottom":"","ocean_shortcode_after_footer_bottom":"","ocean_display_top_bar":"default","ocean_display_header":"default","ocean_header_style":"","ocean_center_header_left_menu":"0","ocean_custom_header_template":"0","ocean_custom_logo":0,"ocean_custom_retina_logo":0,"ocean_custom_logo_max_width":0,"ocean_custom_logo_tablet_max_width":0,"ocean_custom_logo_mobile_max_width":0,"ocean_custom_logo_max_height":0,"ocean_custom_logo_tablet_max_height":0,"ocean_custom_logo_mobile_max_height":0,"ocean_header_custom_menu":"0","ocean_menu_typo_font_family":"0","ocean_menu_typo_font_subset":"","ocean_menu_typo_font_size":0,"ocean_menu_typo_font_size_tablet":0,"ocean_menu_typo_font_size_mobile":0,"ocean_menu_typo_font_size_unit":"px","ocean_menu_typo_font_weight":"","ocean_menu_typo_font_weight_tablet":"","ocean_menu_typo_font_weight_mobile":"","ocean_menu_typo_transform":"","ocean_menu_typo_transform_tablet":"","ocean_menu_typo_transform_mobile":"","ocean_menu_typo_line_height":0,"ocean_menu_typo_line_height_tablet":0,"ocean_menu_typo_line_height_mobile":0,"ocean_menu_typo_line_height_unit":"","ocean_menu_typo_spacing":0,"ocean_menu_typo_spacing_tablet":0,"ocean_menu_typo_spacing_mobile":0,"ocean_menu_typo_spacing_unit":"","ocean_menu_link_color":"","ocean_menu_link_color_hover":"","ocean_menu_link_color_active":"","ocean_menu_link_background":"","ocean_menu_link_hover_background":"","ocean_menu_link_active_background":"","ocean_menu_social_links_bg":"","ocean_menu_social_hover_links_bg":"","ocean_menu_social_links_color":"","ocean_menu_social_hover_links_color":"","ocean_disable_title":"default","ocean_disable_heading":"default","ocean_post_title":"","ocean_post_subheading":"","ocean_post_title_style":"","ocean_post_title_background_color":"","ocean_post_title_background":0,"ocean_post_title_bg_image_position":"","ocean_post_title_bg_image_attachment":"","ocean_post_title_bg_image_repeat":"","ocean_post_title_bg_image_size":"","ocean_post_title_height":0,"ocean_post_title_bg_overlay":0.5,"ocean_post_title_bg_overlay_color":"","ocean_disable_breadcrumbs":"default","ocean_breadcrumbs_color":"","ocean_breadcrumbs_separator_color":"","ocean_breadcrumbs_links_color":"","ocean_breadcrumbs_links_hover_color":"","ocean_display_footer_widgets":"default","ocean_display_footer_bottom":"default","ocean_custom_footer_template":"0","omw_enable_modal_window":"enable"},"product_brand":[],"product_cat":[29],"product_tag":[32,36],"class_list":{"0":"post-379","1":"product","2":"type-product","3":"status-publish","4":"has-post-thumbnail","6":"product_cat-avilab","7":"product_tag-aves","8":"product_tag-newcastle","10":"entry","11":"has-media","13":"first","14":"instock","15":"shipping-taxable","16":"product-type-simple","17":"has-product-nav","18":"col","19":"span_1_of_3","20":"owp-content-center","21":"owp-thumbs-layout-horizontal","22":"owp-btn-normal","23":"owp-tabs-layout-horizontal"},"_links":{"self":[{"href":"http:\/\/gruponutre.com\/index.php\/wp-json\/wp\/v2\/product\/379","targetHints":{"allow":["GET"]}}],"collection":[{"href":"http:\/\/gruponutre.com\/index.php\/wp-json\/wp\/v2\/product"}],"about":[{"href":"http:\/\/gruponutre.com\/index.php\/wp-json\/wp\/v2\/types\/product"}],"replies":[{"embeddable":true,"href":"http:\/\/gruponutre.com\/index.php\/wp-json\/wp\/v2\/comments?post=379"}],"wp:featuredmedia":[{"embeddable":true,"href":"http:\/\/gruponutre.com\/index.php\/wp-json\/wp\/v2\/media\/673"}],"wp:attachment":[{"href":"http:\/\/gruponutre.com\/index.php\/wp-json\/wp\/v2\/media?parent=379"}],"wp:term":[{"taxonomy":"product_brand","embeddable":true,"href":"http:\/\/gruponutre.com\/index.php\/wp-json\/wp\/v2\/product_brand?post=379"},{"taxonomy":"product_cat","embeddable":true,"href":"http:\/\/gruponutre.com\/index.php\/wp-json\/wp\/v2\/product_cat?post=379"},{"taxonomy":"product_tag","embeddable":true,"href":"http:\/\/gruponutre.com\/index.php\/wp-json\/wp\/v2\/product_tag?post=379"}],"curies":[{"name":"wp","href":"https:\/\/api.w.org\/{rel}","templated":true}]}}